{"id":91,"date":"2019-01-12T16:54:21","date_gmt":"2019-01-12T15:54:21","guid":{"rendered":"http:\/\/maretag.de\/GSE\/?page_id=91"},"modified":"2021-11-05T21:28:57","modified_gmt":"2021-11-05T20:28:57","slug":"impressum","status":"publish","type":"page","link":"https:\/\/www.goldstaubevent.com\/?page_id=91","title":{"rendered":"Impressum"},"content":{"rendered":"\t\t<div data-elementor-type=\"wp-post\" data-elementor-id=\"91\" class=\"elementor elementor-91\">\n\t\t\t\t\t\t<section class=\"elementor-section elementor-top-section elementor-element elementor-element-734d64c elementor-section-boxed elementor-section-height-default elementor-section-height-default\" data-id=\"734d64c\" data-element_type=\"section\" data-e-type=\"section\">\n\t\t\t\t\t\t<div class=\"elementor-container elementor-column-gap-default\">\n\t\t\t\t\t<div class=\"elementor-column elementor-col-100 elementor-top-column elementor-element elementor-element-c0f7a14\" data-id=\"c0f7a14\" data-element_type=\"column\" data-e-type=\"column\">\n\t\t\t<div class=\"elementor-widget-wrap elementor-element-populated\">\n\t\t\t\t\t\t<div class=\"elementor-element elementor-element-b11b8e8 elementor-widget elementor-widget-heading\" data-id=\"b11b8e8\" data-element_type=\"widget\" data-e-type=\"widget\" data-widget_type=\"heading.default\">\n\t\t\t\t<div class=\"elementor-widget-container\">\n\t\t\t\t\t<h3 class=\"elementor-heading-title elementor-size-default\">Impressum<\/h3>\t\t\t\t<\/div>\n\t\t\t\t<\/div>\n\t\t\t\t\t<\/div>\n\t\t<\/div>\n\t\t\t\t\t<\/div>\n\t\t<\/section>\n\t\t\t\t<section class=\"elementor-section elementor-top-section elementor-element elementor-element-799c33d elementor-section-boxed elementor-section-height-default elementor-section-height-default\" data-id=\"799c33d\" data-element_type=\"section\" data-e-type=\"section\">\n\t\t\t\t\t\t<div class=\"elementor-container elementor-column-gap-default\">\n\t\t\t\t\t<div class=\"elementor-column elementor-col-100 elementor-top-column elementor-element elementor-element-7f886e9\" data-id=\"7f886e9\" data-element_type=\"column\" data-e-type=\"column\">\n\t\t\t<div class=\"elementor-widget-wrap elementor-element-populated\">\n\t\t\t\t\t\t<div class=\"elementor-element elementor-element-2d57a36 elementor-widget elementor-widget-text-editor\" data-id=\"2d57a36\" data-element_type=\"widget\" data-e-type=\"widget\" data-widget_type=\"text-editor.default\">\n\t\t\t\t<div class=\"elementor-widget-container\">\n\t\t\t\t\t\t\t\t\t<h6>verantwortlich im Sinne des \u00a7 5 TMG<\/h6><p>goldstaub <span style=\"color: #000000;\">event<\/span> &#8211; ingo glaesmer<\/p><p>Finkenweg 21<\/p><p>21220 Seevetal<\/p><p>Deutschland<\/p><h6>vertreten durch<\/h6><p>Ingo Glaesmer<\/p><h6>Kontakt<\/h6><p>+49 15678 411110<\/p><p>office@goldstaubevent.com<\/p><h6>Umsatzsteueridentifikationsnummer<\/h6><p>DE221885273<\/p><p>Die auf dieser Website dargestellten kostenfreien Informationen dienen ausschlie\u00dflich Ihrer Information.<\/p><p>Wir \u00fcbernehmen keinerlei Gew\u00e4hr f\u00fcr die Richtigkeit, Vollst\u00e4ndigkeit oder Aktualit\u00e4t der bereitgestellten Informationen. Anspr\u00fcche aus Auskunft, Empfehlung oder Beratung k\u00f6nnen aus der Bereitstellung nicht hergeleitet werden. Eine Haftung f\u00fcr Sch\u00e4den ist grunds\u00e4tzlich ausgeschlossen, soweit nicht Vorsatz oder grobe Fahrl\u00e4ssigkeit von uns zu vertreten ist.<\/p><p>Wir behalten uns vor, die Webseiten jederzeit zu ver\u00e4ndern, zu erg\u00e4nzen oder zu l\u00f6schen.<br \/>Ziele von Verweisen, die von unseren Seiten auf fremde Internetseiten angebracht wurden, hatten zum Zeitpunkt der Linksetzung keine von uns erkennbaren gesetzwidrigen Inhalte. Wir haben jedoch auf diese fremden Internetinhalte keinen Einfluss und distanzieren uns hiermit von den dort zur Verf\u00fcgung gestellten Inhalten ausdr\u00fccklich. Insbesondere k\u00f6nnen wir nicht daf\u00fcr garantieren, dass andere Internet-Seiten der angelinkten Webpr\u00e4senz ausschlie\u00dflich rechtlich einwandfreie Inhalte bereithalten, ebenso wenig daf\u00fcr, dass die angelinkte Internetseite nicht nachtr\u00e4glich in rechtlich nicht einwandfreier Weise ver\u00e4ndert wurde.<br \/>Die auf den Seiten erw\u00e4hnten Markenbezeichnungen sind auf unseren Webseiten nicht in jedem Fall als solche gekennzeichnet. Wir weisen darauf hin, dass diese dennoch den Regeln des Kennzeichenrechts unterworfen sind.<\/p><p>Die von uns erstellten Texte, Programme, Grafiken sowie Audio- und Videodateien unterliegen unserem Nutzungs- und Verwertungsrecht und d\u00fcrfen nur mit unserer Zustimmung vervielf\u00e4ltigt oder verbreitet werden.<\/p><p>Falls einzelne Klauseln dieser Haftungsbeschr\u00e4nkungserkl\u00e4rung nicht oder nicht mehr den geltenden gesetzlichen Vorschriften entspricht, bleibt davon die G\u00fcltigkeit der \u00fcbrigen Klauseln unber\u00fchrt.<\/p>\t\t\t\t\t\t\t\t<\/div>\n\t\t\t\t<\/div>\n\t\t\t\t\t<\/div>\n\t\t<\/div>\n\t\t\t\t\t<\/div>\n\t\t<\/section>\n\t\t\t\t<\/div>\n\t\t","protected":false},"excerpt":{"rendered":"<p>Impressum verantwortlich im Sinne des \u00a7 5 TMG goldstaub event &#8211; ingo glaesmer Finkenweg 21 21220 Seevetal Deutschland vertreten durch Ingo Glaesmer Kontakt +49 15678 411110 office@goldstaubevent.com Umsatzsteueridentifikationsnummer DE221885273 Die auf dieser Website dargestellten kostenfreien Informationen dienen ausschlie\u00dflich Ihrer Information. Wir \u00fcbernehmen keinerlei Gew\u00e4hr f\u00fcr die Richtigkeit, Vollst\u00e4ndigkeit oder Aktualit\u00e4t der bereitgestellten Informationen. Anspr\u00fcche aus [&hellip;]<\/p>\n","protected":false},"author":1,"featured_media":0,"parent":0,"menu_order":0,"comment_status":"closed","ping_status":"closed","template":"","meta":{"footnotes":""},"class_list":["post-91","page","type-page","status-publish","hentry"],"yoast_head":"<!-- This site is optimized with the Yoast SEO plugin v27.5 - https:\/\/yoast.com\/product\/yoast-seo-wordpress\/ -->\n<title>Impressum - goldstaubevent - ingo glaesmer<\/title>\n<meta name=\"robots\" content=\"index, follow, max-snippet:-1, max-image-preview:large, max-video-preview:-1\" \/>\n<link rel=\"canonical\" href=\"https:\/\/www.goldstaubevent.com\/?page_id=91\" \/>\n<meta property=\"og:locale\" content=\"de_DE\" \/>\n<meta property=\"og:type\" content=\"article\" \/>\n<meta property=\"og:title\" content=\"Impressum - goldstaubevent - ingo glaesmer\" \/>\n<meta property=\"og:description\" content=\"Impressum verantwortlich im Sinne des \u00a7 5 TMG goldstaub event &#8211; ingo glaesmer Finkenweg 21 21220 Seevetal Deutschland vertreten durch Ingo Glaesmer Kontakt +49 15678 411110 office@goldstaubevent.com Umsatzsteueridentifikationsnummer DE221885273 Die auf dieser Website dargestellten kostenfreien Informationen dienen ausschlie\u00dflich Ihrer Information. Wir \u00fcbernehmen keinerlei Gew\u00e4hr f\u00fcr die Richtigkeit, Vollst\u00e4ndigkeit oder Aktualit\u00e4t der bereitgestellten Informationen. Anspr\u00fcche aus [&hellip;]\" \/>\n<meta property=\"og:url\" content=\"https:\/\/www.goldstaubevent.com\/?page_id=91\" \/>\n<meta property=\"og:site_name\" content=\"goldstaubevent - ingo glaesmer\" \/>\n<meta property=\"article:modified_time\" content=\"2021-11-05T20:28:57+00:00\" \/>\n<meta name=\"twitter:card\" content=\"summary_large_image\" \/>\n<meta name=\"twitter:label1\" content=\"Gesch\u00e4tzte Lesezeit\" \/>\n\t<meta name=\"twitter:data1\" content=\"1\u00a0Minute\" \/>\n<script type=\"application\/ld+json\" class=\"yoast-schema-graph\">{\"@context\":\"https:\\\/\\\/schema.org\",\"@graph\":[{\"@type\":\"WebPage\",\"@id\":\"https:\\\/\\\/www.goldstaubevent.com\\\/?page_id=91\",\"url\":\"https:\\\/\\\/www.goldstaubevent.com\\\/?page_id=91\",\"name\":\"Impressum - goldstaubevent - ingo glaesmer\",\"isPartOf\":{\"@id\":\"https:\\\/\\\/www.goldstaubevent.com\\\/#website\"},\"datePublished\":\"2019-01-12T15:54:21+00:00\",\"dateModified\":\"2021-11-05T20:28:57+00:00\",\"breadcrumb\":{\"@id\":\"https:\\\/\\\/www.goldstaubevent.com\\\/?page_id=91#breadcrumb\"},\"inLanguage\":\"de\",\"potentialAction\":[{\"@type\":\"ReadAction\",\"target\":[\"https:\\\/\\\/www.goldstaubevent.com\\\/?page_id=91\"]}]},{\"@type\":\"BreadcrumbList\",\"@id\":\"https:\\\/\\\/www.goldstaubevent.com\\\/?page_id=91#breadcrumb\",\"itemListElement\":[{\"@type\":\"ListItem\",\"position\":1,\"name\":\"Startseite\",\"item\":\"https:\\\/\\\/www.goldstaubevent.com\\\/\"},{\"@type\":\"ListItem\",\"position\":2,\"name\":\"Impressum\"}]},{\"@type\":\"WebSite\",\"@id\":\"https:\\\/\\\/www.goldstaubevent.com\\\/#website\",\"url\":\"https:\\\/\\\/www.goldstaubevent.com\\\/\",\"name\":\"goldstaubevent - ingo glaesmer\",\"description\":\"Veranstaltungen aus Meisterhand - f\u00fcr Ihren Erfolg!\",\"publisher\":{\"@id\":\"https:\\\/\\\/www.goldstaubevent.com\\\/#organization\"},\"potentialAction\":[{\"@type\":\"SearchAction\",\"target\":{\"@type\":\"EntryPoint\",\"urlTemplate\":\"https:\\\/\\\/www.goldstaubevent.com\\\/?s={search_term_string}\"},\"query-input\":{\"@type\":\"PropertyValueSpecification\",\"valueRequired\":true,\"valueName\":\"search_term_string\"}}],\"inLanguage\":\"de\"},{\"@type\":\"Organization\",\"@id\":\"https:\\\/\\\/www.goldstaubevent.com\\\/#organization\",\"name\":\"goldstaub event - ingo glaesmer\",\"url\":\"https:\\\/\\\/www.goldstaubevent.com\\\/\",\"logo\":{\"@type\":\"ImageObject\",\"inLanguage\":\"de\",\"@id\":\"https:\\\/\\\/www.goldstaubevent.com\\\/#\\\/schema\\\/logo\\\/image\\\/\",\"url\":\"https:\\\/\\\/www.goldstaubevent.com\\\/wp-content\\\/uploads\\\/2019\\\/01\\\/GSE-Logo-1024x151.png\",\"contentUrl\":\"https:\\\/\\\/www.goldstaubevent.com\\\/wp-content\\\/uploads\\\/2019\\\/01\\\/GSE-Logo-1024x151.png\",\"width\":1024,\"height\":151,\"caption\":\"goldstaub event - ingo glaesmer\"},\"image\":{\"@id\":\"https:\\\/\\\/www.goldstaubevent.com\\\/#\\\/schema\\\/logo\\\/image\\\/\"}}]}<\/script>\n<!-- \/ Yoast SEO plugin. -->","yoast_head_json":{"title":"Impressum - goldstaubevent - ingo glaesmer","robots":{"index":"index","follow":"follow","max-snippet":"max-snippet:-1","max-image-preview":"max-image-preview:large","max-video-preview":"max-video-preview:-1"},"canonical":"https:\/\/www.goldstaubevent.com\/?page_id=91","og_locale":"de_DE","og_type":"article","og_title":"Impressum - goldstaubevent - ingo glaesmer","og_description":"Impressum verantwortlich im Sinne des \u00a7 5 TMG goldstaub event &#8211; ingo glaesmer Finkenweg 21 21220 Seevetal Deutschland vertreten durch Ingo Glaesmer Kontakt +49 15678 411110 office@goldstaubevent.com Umsatzsteueridentifikationsnummer DE221885273 Die auf dieser Website dargestellten kostenfreien Informationen dienen ausschlie\u00dflich Ihrer Information. Wir \u00fcbernehmen keinerlei Gew\u00e4hr f\u00fcr die Richtigkeit, Vollst\u00e4ndigkeit oder Aktualit\u00e4t der bereitgestellten Informationen. Anspr\u00fcche aus [&hellip;]","og_url":"https:\/\/www.goldstaubevent.com\/?page_id=91","og_site_name":"goldstaubevent - ingo glaesmer","article_modified_time":"2021-11-05T20:28:57+00:00","twitter_card":"summary_large_image","twitter_misc":{"Gesch\u00e4tzte Lesezeit":"1\u00a0Minute"},"schema":{"@context":"https:\/\/schema.org","@graph":[{"@type":"WebPage","@id":"https:\/\/www.goldstaubevent.com\/?page_id=91","url":"https:\/\/www.goldstaubevent.com\/?page_id=91","name":"Impressum - goldstaubevent - ingo glaesmer","isPartOf":{"@id":"https:\/\/www.goldstaubevent.com\/#website"},"datePublished":"2019-01-12T15:54:21+00:00","dateModified":"2021-11-05T20:28:57+00:00","breadcrumb":{"@id":"https:\/\/www.goldstaubevent.com\/?page_id=91#breadcrumb"},"inLanguage":"de","potentialAction":[{"@type":"ReadAction","target":["https:\/\/www.goldstaubevent.com\/?page_id=91"]}]},{"@type":"BreadcrumbList","@id":"https:\/\/www.goldstaubevent.com\/?page_id=91#breadcrumb","itemListElement":[{"@type":"ListItem","position":1,"name":"Startseite","item":"https:\/\/www.goldstaubevent.com\/"},{"@type":"ListItem","position":2,"name":"Impressum"}]},{"@type":"WebSite","@id":"https:\/\/www.goldstaubevent.com\/#website","url":"https:\/\/www.goldstaubevent.com\/","name":"goldstaubevent - ingo glaesmer","description":"Veranstaltungen aus Meisterhand - f\u00fcr Ihren Erfolg!","publisher":{"@id":"https:\/\/www.goldstaubevent.com\/#organization"},"potentialAction":[{"@type":"SearchAction","target":{"@type":"EntryPoint","urlTemplate":"https:\/\/www.goldstaubevent.com\/?s={search_term_string}"},"query-input":{"@type":"PropertyValueSpecification","valueRequired":true,"valueName":"search_term_string"}}],"inLanguage":"de"},{"@type":"Organization","@id":"https:\/\/www.goldstaubevent.com\/#organization","name":"goldstaub event - ingo glaesmer","url":"https:\/\/www.goldstaubevent.com\/","logo":{"@type":"ImageObject","inLanguage":"de","@id":"https:\/\/www.goldstaubevent.com\/#\/schema\/logo\/image\/","url":"https:\/\/www.goldstaubevent.com\/wp-content\/uploads\/2019\/01\/GSE-Logo-1024x151.png","contentUrl":"https:\/\/www.goldstaubevent.com\/wp-content\/uploads\/2019\/01\/GSE-Logo-1024x151.png","width":1024,"height":151,"caption":"goldstaub event - ingo glaesmer"},"image":{"@id":"https:\/\/www.goldstaubevent.com\/#\/schema\/logo\/image\/"}}]}},"_links":{"self":[{"href":"https:\/\/www.goldstaubevent.com\/index.php?rest_route=\/wp\/v2\/pages\/91","targetHints":{"allow":["GET"]}}],"collection":[{"href":"https:\/\/www.goldstaubevent.com\/index.php?rest_route=\/wp\/v2\/pages"}],"about":[{"href":"https:\/\/www.goldstaubevent.com\/index.php?rest_route=\/wp\/v2\/types\/page"}],"author":[{"embeddable":true,"href":"https:\/\/www.goldstaubevent.com\/index.php?rest_route=\/wp\/v2\/users\/1"}],"replies":[{"embeddable":true,"href":"https:\/\/www.goldstaubevent.com\/index.php?rest_route=%2Fwp%2Fv2%2Fcomments&post=91"}],"version-history":[{"count":0,"href":"https:\/\/www.goldstaubevent.com\/index.php?rest_route=\/wp\/v2\/pages\/91\/revisions"}],"wp:attachment":[{"href":"https:\/\/www.goldstaubevent.com\/index.php?rest_route=%2Fwp%2Fv2%2Fmedia&parent=91"}],"curies":[{"name":"wp","href":"https:\/\/api.w.org\/{rel}","templated":true}]}}